{"id":14766,"date":"2025-03-01T21:50:02","date_gmt":"2025-03-01T21:50:02","guid":{"rendered":"https:\/\/rhpersonal-am.com.br\/inicio\/?page_id=14766"},"modified":"2025-05-12T21:10:50","modified_gmt":"2025-05-12T21:10:50","slug":"vagas","status":"publish","type":"page","link":"https:\/\/rhpersonal-am.com.br\/inicio\/vagas\/","title":{"rendered":"Vagas"},"content":{"rendered":"\t\t<div data-elementor-type=\"wp-page\" data-elementor-id=\"14766\" class=\"elementor elementor-14766\">\n\t\t\t\t<div class=\"elementor-element elementor-element-52e5ebd8 e-flex e-con-boxed e-con e-parent\" data-id=\"52e5ebd8\" data-element_type=\"container\" data-e-type=\"container\" data-settings=\"{&quot;background_background&quot;:&quot;classic&quot;}\">\n\t\t\t\t\t<div class=\"e-con-inner\">\n\t\t<div class=\"elementor-element elementor-element-17b0317a e-con-full e-flex e-con e-child\" data-id=\"17b0317a\" data-element_type=\"container\" data-e-type=\"container\">\n\t\t<div class=\"elementor-element elementor-element-6d6f46be e-con-full e-flex e-con e-child\" data-id=\"6d6f46be\" data-element_type=\"container\" data-e-type=\"container\">\n\t\t\t\t<div class=\"elementor-element elementor-element-782cbab2 elementor-widget elementor-widget-image\" data-id=\"782cbab2\" data-element_type=\"widget\" data-e-type=\"widget\" data-widget_type=\"image.default\">\n\t\t\t\t<div class=\"elementor-widget-container\">\n\t\t\t\t\t\t\t\t\t\t\t\t\t\t\t\t<a href=\"https:\/\/rhpersonal-am.com.br\/inicio\">\n\t\t\t\t\t\t\t<img decoding=\"async\" width=\"191\" height=\"42\" src=\"https:\/\/rhpersonal-am.com.br\/inicio\/wp-content\/uploads\/2025\/02\/Logo.png\" class=\"attachment-large size-large wp-image-14394\" alt=\"\" \/>\t\t\t\t\t\t\t\t<\/a>\n\t\t\t\t\t\t\t\t\t\t\t\t\t\t\t<\/div>\n\t\t\t\t<\/div>\n\t\t\t\t<\/div>\n\t\t<div class=\"elementor-element elementor-element-6b225159 e-con-full elementor-hidden-desktop e-flex e-con e-child\" data-id=\"6b225159\" data-element_type=\"container\" data-e-type=\"container\">\n\t\t\t\t<div class=\"elementor-element elementor-element-69416901 elementor-widget elementor-widget-ekit-nav-menu\" data-id=\"69416901\" data-element_type=\"widget\" data-e-type=\"widget\" data-widget_type=\"ekit-nav-menu.default\">\n\t\t\t\t<div class=\"elementor-widget-container\">\n\t\t\t\t\t\t\t<nav class=\"ekit-wid-con ekit_menu_responsive_tablet\"\n\t\t\tdata-hamburger-icon=\"\"\n\t\t\tdata-hamburger-icon-type=\"icon\"\n\t\t\tdata-responsive-breakpoint=\"1024\">\n\t\t\t            <button class=\"elementskit-menu-hamburger elementskit-menu-toggler\"  type=\"button\" aria-label=\"hamburger-icon\">\n                                    <span class=\"elementskit-menu-hamburger-icon\"><\/span><span class=\"elementskit-menu-hamburger-icon\"><\/span><span class=\"elementskit-menu-hamburger-icon\"><\/span>\n                            <\/button>\n            <div id=\"ekit-megamenu-menu-celular\" class=\"elementskit-menu-container elementskit-menu-offcanvas-elements elementskit-navbar-nav-default ekit-nav-menu-one-page-no ekit-nav-dropdown-hover\"><ul id=\"menu-menu-celular\" class=\"elementskit-navbar-nav elementskit-menu-po-left submenu-click-on-icon\"><li id=\"menu-item-14896\" class=\"menu-item menu-item-type-post_type menu-item-object-page menu-item-home menu-item-14896 nav-item elementskit-mobile-builder-content\" data-vertical-menu=750px><a href=\"https:\/\/rhpersonal-am.com.br\/inicio\/\" class=\"ekit-menu-nav-link menu-link\">Inicio<\/a><\/li>\n<li id=\"menu-item-14894\" class=\"menu-item menu-item-type-post_type menu-item-object-page menu-item-14894 nav-item elementskit-mobile-builder-content\" data-vertical-menu=750px><a href=\"https:\/\/rhpersonal-am.com.br\/inicio\/cadastrar\/\" class=\"ekit-menu-nav-link menu-link\">Area do Candidato<\/a><\/li>\n<li id=\"menu-item-14893\" class=\"menu-item menu-item-type-post_type menu-item-object-page menu-item-14893 nav-item elementskit-mobile-builder-content\" data-vertical-menu=750px><a href=\"https:\/\/rhpersonal-am.com.br\/inicio\/vagas\/\" class=\"ekit-menu-nav-link menu-link\">Vagas<\/a><\/li>\n<li id=\"menu-item-14891\" class=\"menu-item menu-item-type-post_type menu-item-object-page menu-item-14891 nav-item elementskit-mobile-builder-content\" data-vertical-menu=750px><a href=\"https:\/\/rhpersonal-am.com.br\/inicio\/contato\/\" class=\"ekit-menu-nav-link menu-link\">Contato<\/a><\/li>\n<li id=\"menu-item-14892\" class=\"menu-item menu-item-type-post_type menu-item-object-page menu-item-14892 nav-item elementskit-mobile-builder-content\" data-vertical-menu=750px><a href=\"https:\/\/rhpersonal-am.com.br\/inicio\/servicos-2\/\" class=\"ekit-menu-nav-link menu-link\">Servi\u00e7os<\/a><\/li>\n<li id=\"menu-item-14895\" class=\"menu-item menu-item-type-post_type menu-item-object-page menu-item-14895 nav-item elementskit-mobile-builder-content\" data-vertical-menu=750px><a href=\"https:\/\/rhpersonal-am.com.br\/inicio\/quem-somos-2\/\" class=\"ekit-menu-nav-link menu-link\">Quem Somos<\/a><\/li>\n<li id=\"menu-item-15411\" class=\"menu-item menu-item-type-post_type menu-item-object-page menu-item-15411 nav-item elementskit-mobile-builder-content\" data-vertical-menu=750px><a href=\"https:\/\/rhpersonal-am.com.br\/inicio\/elementor-15392\/\" class=\"ekit-menu-nav-link menu-link\">RTS<\/a><\/li>\n<\/ul><div class=\"elementskit-nav-identity-panel\"><a class=\"elementskit-nav-logo\" href=\"https:\/\/rhpersonal-am.com.br\/inicio\" target=\"\" rel=\"\"><img src=\"https:\/\/rhpersonal-am.com.br\/inicio\/wp-content\/uploads\/2025\/02\/Logo-1-1.png\" title=\"Logo-1.png\" alt=\"Logo-1.png\" decoding=\"async\" \/><\/a><button class=\"elementskit-menu-close elementskit-menu-toggler\" type=\"button\">X<\/button><\/div><\/div>\n\t\t\t<div class=\"elementskit-menu-overlay elementskit-menu-offcanvas-elements elementskit-menu-toggler ekit-nav-menu--overlay\"><\/div>        <\/nav>\n\t\t\t\t\t\t<\/div>\n\t\t\t\t<\/div>\n\t\t\t\t<\/div>\n\t\t<div class=\"elementor-element elementor-element-25a4e484 e-con-full elementor-hidden-tablet elementor-hidden-mobile e-flex e-con e-child\" data-id=\"25a4e484\" data-element_type=\"container\" data-e-type=\"container\">\n\t\t\t\t<div class=\"elementor-element elementor-element-1af9b73b elementor-widget__width-initial elementor-widget elementor-widget-ekit-nav-menu\" data-id=\"1af9b73b\" data-element_type=\"widget\" data-e-type=\"widget\" data-widget_type=\"ekit-nav-menu.default\">\n\t\t\t\t<div class=\"elementor-widget-container\">\n\t\t\t\t\t\t\t<nav class=\"ekit-wid-con ekit_menu_responsive_mobile\"\n\t\t\tdata-hamburger-icon=\"\"\n\t\t\tdata-hamburger-icon-type=\"icon\"\n\t\t\tdata-responsive-breakpoint=\"767\">\n\t\t\t            <button class=\"elementskit-menu-hamburger elementskit-menu-toggler\"  type=\"button\" aria-label=\"hamburger-icon\">\n                                    <span class=\"elementskit-menu-hamburger-icon\"><\/span><span class=\"elementskit-menu-hamburger-icon\"><\/span><span class=\"elementskit-menu-hamburger-icon\"><\/span>\n                            <\/button>\n            <div id=\"ekit-megamenu-menu-novo\" class=\"elementskit-menu-container elementskit-menu-offcanvas-elements elementskit-navbar-nav-default ekit-nav-menu-one-page- ekit-nav-dropdown-click\"><ul id=\"menu-menu-novo\" class=\"elementskit-navbar-nav elementskit-menu-po-right submenu-click-on-icon\"><li id=\"menu-item-14825\" class=\"menu-item menu-item-type-post_type menu-item-object-page menu-item-14825 nav-item elementskit-mobile-builder-content\" data-vertical-menu=750px><a href=\"https:\/\/rhpersonal-am.com.br\/inicio\/contato\/\" class=\"ekit-menu-nav-link menu-link\">Contato<\/a><\/li>\n<li id=\"menu-item-14826\" class=\"menu-item menu-item-type-post_type menu-item-object-page menu-item-14826 nav-item elementskit-mobile-builder-content\" data-vertical-menu=750px><a href=\"https:\/\/rhpersonal-am.com.br\/inicio\/servicos-2\/\" class=\"ekit-menu-nav-link menu-link\">Servi\u00e7os<\/a><\/li>\n<li id=\"menu-item-14827\" class=\"menu-item menu-item-type-post_type menu-item-object-page menu-item-14827 nav-item elementskit-mobile-builder-content\" data-vertical-menu=750px><a href=\"https:\/\/rhpersonal-am.com.br\/inicio\/quem-somos-2\/\" class=\"ekit-menu-nav-link menu-link\">Quem Somos<\/a><\/li>\n<li id=\"menu-item-15412\" class=\"menu-item menu-item-type-post_type menu-item-object-page menu-item-15412 nav-item elementskit-mobile-builder-content\" data-vertical-menu=750px><a href=\"https:\/\/rhpersonal-am.com.br\/inicio\/elementor-15392\/\" class=\"ekit-menu-nav-link menu-link\">Blog<\/a><\/li>\n<\/ul><div class=\"elementskit-nav-identity-panel\"><button class=\"elementskit-menu-close elementskit-menu-toggler\" type=\"button\">X<\/button><\/div><\/div>\n\t\t\t<div class=\"elementskit-menu-overlay elementskit-menu-offcanvas-elements elementskit-menu-toggler ekit-nav-menu--overlay\"><\/div>        <\/nav>\n\t\t\t\t\t\t<\/div>\n\t\t\t\t<\/div>\n\t\t\t\t<\/div>\n\t\t<div class=\"elementor-element elementor-element-cd8b5a3 e-con-full elementor-hidden-tablet elementor-hidden-mobile e-flex e-con e-child\" data-id=\"cd8b5a3\" data-element_type=\"container\" data-e-type=\"container\">\n\t\t<div class=\"elementor-element elementor-element-1f9bbfe e-con-full e-flex e-con e-child\" data-id=\"1f9bbfe\" data-element_type=\"container\" data-e-type=\"container\">\n\t\t\t\t<div class=\"elementor-element elementor-element-449301c7 elementor-widget elementor-widget-button\" data-id=\"449301c7\" data-element_type=\"widget\" data-e-type=\"widget\" data-widget_type=\"button.default\">\n\t\t\t\t<div class=\"elementor-widget-container\">\n\t\t\t\t\t\t\t\t\t<div class=\"elementor-button-wrapper\">\n\t\t\t\t\t<a class=\"elementor-button elementor-button-link elementor-size-sm\" href=\"https:\/\/rhpersonal-am.com.br\/inicio\/cadastrar\">\n\t\t\t\t\t\t<span class=\"elementor-button-content-wrapper\">\n\t\t\t\t\t\t\t\t\t<span class=\"elementor-button-text\">AREA DO CANDIDATO<\/span>\n\t\t\t\t\t<\/span>\n\t\t\t\t\t<\/a>\n\t\t\t\t<\/div>\n\t\t\t\t\t\t\t\t<\/div>\n\t\t\t\t<\/div>\n\t\t\t\t<\/div>\n\t\t\t\t<\/div>\n\t\t\t\t<\/div>\n\t\t\t\t\t<\/div>\n\t\t\t\t<\/div>\n\t\t<div class=\"elementor-element elementor-element-458c39d6 e-con-full e-flex e-con e-parent\" data-id=\"458c39d6\" data-element_type=\"container\" data-e-type=\"container\" data-settings=\"{&quot;background_background&quot;:&quot;classic&quot;}\">\n\t\t<div class=\"elementor-element elementor-element-5890854e e-flex e-con-boxed e-con e-child\" data-id=\"5890854e\" data-element_type=\"container\" data-e-type=\"container\">\n\t\t\t\t\t<div class=\"e-con-inner\">\n\t\t\t\t<div class=\"elementor-element elementor-element-6ee55812 elementor-widget elementor-widget-heading\" data-id=\"6ee55812\" data-element_type=\"widget\" data-e-type=\"widget\" data-widget_type=\"heading.default\">\n\t\t\t\t<div class=\"elementor-widget-container\">\n\t\t\t\t\t<h2 class=\"elementor-heading-title elementor-size-default\">Vagas<\/h2>\t\t\t\t<\/div>\n\t\t\t\t<\/div>\n\t\t\t\t\t<\/div>\n\t\t\t\t<\/div>\n\t\t<div class=\"elementor-element elementor-element-3299e60b e-con-full e-flex e-con e-child\" data-id=\"3299e60b\" data-element_type=\"container\" data-e-type=\"container\">\n\t\t\t\t<div class=\"elementor-element elementor-element-6f5ca960 elementor-widget-mobile__width-initial elementor-hidden-desktop elementor-widget elementor-widget-text-editor\" data-id=\"6f5ca960\" data-element_type=\"widget\" data-e-type=\"widget\" data-widget_type=\"text-editor.default\">\n\t\t\t\t<div class=\"elementor-widget-container\">\n\t\t\t\t\t\t\t\t\t<p><span style=\"color: #333333;\">NOSSAS VAGAS S\u00c3O<\/span> POSTADAS DIARIAMENTE <span style=\"color: #333333;\">ATRAV\u00c9S DAS NOSSAS REDES SOCIAIS<\/span><\/p>\t\t\t\t\t\t\t\t<\/div>\n\t\t\t\t<\/div>\n\t\t\t\t<div class=\"elementor-element elementor-element-796bec55 elementor-widget-mobile__width-initial elementor-hidden-tablet elementor-hidden-mobile elementor-widget elementor-widget-text-editor\" data-id=\"796bec55\" data-element_type=\"widget\" data-e-type=\"widget\" data-widget_type=\"text-editor.default\">\n\t\t\t\t<div class=\"elementor-widget-container\">\n\t\t\t\t\t\t\t\t\t<p><span style=\"color: #333333;\">NOSSAS VAGAS S\u00c3O<\/span> POSTADAS DIARIAMENTE<\/p><p><span style=\"color: #333333;\">ATRAV\u00c9S DAS NOSSAS REDES SOCIAIS<\/span><\/p>\t\t\t\t\t\t\t\t<\/div>\n\t\t\t\t<\/div>\n\t\t\t\t<\/div>\n\t\t<div class=\"elementor-element elementor-element-25799d09 e-flex e-con-boxed e-con e-child\" data-id=\"25799d09\" data-element_type=\"container\" data-e-type=\"container\">\n\t\t\t\t\t<div class=\"e-con-inner\">\n\t\t\t\t<div class=\"elementor-element elementor-element-bdc46b7 e-grid-align-left e-grid-align-tablet-left e-grid-align-mobile-center elementor-shape-rounded elementor-grid-0 elementor-widget elementor-widget-social-icons\" data-id=\"bdc46b7\" data-element_type=\"widget\" data-e-type=\"widget\" data-widget_type=\"social-icons.default\">\n\t\t\t\t<div class=\"elementor-widget-container\">\n\t\t\t\t\t\t\t<div class=\"elementor-social-icons-wrapper elementor-grid\" role=\"list\">\n\t\t\t\t\t\t\t<span class=\"elementor-grid-item\" role=\"listitem\">\n\t\t\t\t\t<a class=\"elementor-icon elementor-social-icon elementor-social-icon-linkedin elementor-repeater-item-31f00be\" href=\"https:\/\/www.linkedin.com\/company\/rh-personal\" target=\"_blank\">\n\t\t\t\t\t\t<span class=\"elementor-screen-only\">Linkedin<\/span>\n\t\t\t\t\t\t<i aria-hidden=\"true\" class=\"fab fa-linkedin\"><\/i>\t\t\t\t\t<\/a>\n\t\t\t\t<\/span>\n\t\t\t\t\t\t\t<span class=\"elementor-grid-item\" role=\"listitem\">\n\t\t\t\t\t<a class=\"elementor-icon elementor-social-icon elementor-social-icon-instagram elementor-repeater-item-4bc4dc7\" href=\"https:\/\/www.instagram.com\/rhpersonal_am\" target=\"_blank\">\n\t\t\t\t\t\t<span class=\"elementor-screen-only\">Instagram<\/span>\n\t\t\t\t\t\t<i aria-hidden=\"true\" class=\"fab fa-instagram\"><\/i>\t\t\t\t\t<\/a>\n\t\t\t\t<\/span>\n\t\t\t\t\t<\/div>\n\t\t\t\t\t\t<\/div>\n\t\t\t\t<\/div>\n\t\t\t\t\t<\/div>\n\t\t\t\t<\/div>\n\t\t\t\t<\/div>\n\t\t<div class=\"elementor-element elementor-element-ff1926b e-flex e-con-boxed e-con e-parent\" data-id=\"ff1926b\" data-element_type=\"container\" data-e-type=\"container\" data-settings=\"{&quot;background_background&quot;:&quot;classic&quot;}\">\n\t\t\t\t\t<div class=\"e-con-inner\">\n\t\t<div class=\"elementor-element elementor-element-7305f5f6 e-con-full e-flex e-con e-child\" data-id=\"7305f5f6\" data-element_type=\"container\" data-e-type=\"container\" data-settings=\"{&quot;background_background&quot;:&quot;classic&quot;}\">\n\t\t<div class=\"elementor-element elementor-element-4740fadd e-con-full e-flex e-con e-child\" data-id=\"4740fadd\" data-element_type=\"container\" data-e-type=\"container\">\n\t\t\t\t<div class=\"elementor-element elementor-element-735fbc40 elementor-widget elementor-widget-heading\" data-id=\"735fbc40\" data-element_type=\"widget\" data-e-type=\"widget\" data-widget_type=\"heading.default\">\n\t\t\t\t<div class=\"elementor-widget-container\">\n\t\t\t\t\t<h3 class=\"elementor-heading-title elementor-size-default\">Fale conosco pelo Whatsapp<\/h3>\t\t\t\t<\/div>\n\t\t\t\t<\/div>\n\t\t\t\t<\/div>\n\t\t<div class=\"elementor-element elementor-element-c51ce0a e-con-full e-flex e-con e-child\" data-id=\"c51ce0a\" data-element_type=\"container\" data-e-type=\"container\">\n\t\t\t\t<div class=\"elementor-element elementor-element-754a7895 elementor-mobile-align-center elementor-tablet-align-right elementor-widget elementor-widget-button\" data-id=\"754a7895\" data-element_type=\"widget\" data-e-type=\"widget\" data-widget_type=\"button.default\">\n\t\t\t\t<div class=\"elementor-widget-container\">\n\t\t\t\t\t\t\t\t\t<div class=\"elementor-button-wrapper\">\n\t\t\t\t\t<a class=\"elementor-button elementor-button-link elementor-size-sm\" href=\"http:\/\/wa.me\/+5592981920003\">\n\t\t\t\t\t\t<span class=\"elementor-button-content-wrapper\">\n\t\t\t\t\t\t<span class=\"elementor-button-icon\">\n\t\t\t\t<i aria-hidden=\"true\" class=\"fab fa-whatsapp\"><\/i>\t\t\t<\/span>\n\t\t\t\t\t\t\t\t\t<span class=\"elementor-button-text\">(92) 98192-0003<\/span>\n\t\t\t\t\t<\/span>\n\t\t\t\t\t<\/a>\n\t\t\t\t<\/div>\n\t\t\t\t\t\t\t\t<\/div>\n\t\t\t\t<\/div>\n\t\t\t\t<\/div>\n\t\t\t\t<\/div>\n\t\t\t\t\t<\/div>\n\t\t\t\t<\/div>\n\t\t<div class=\"elementor-element elementor-element-5044d140 e-flex e-con-boxed e-con e-parent\" data-id=\"5044d140\" data-element_type=\"container\" data-e-type=\"container\" data-settings=\"{&quot;background_background&quot;:&quot;classic&quot;}\">\n\t\t\t\t\t<div class=\"e-con-inner\">\n\t\t<div class=\"elementor-element elementor-element-764c39d9 e-con-full e-flex e-con e-child\" data-id=\"764c39d9\" data-element_type=\"container\" data-e-type=\"container\">\n\t\t<div class=\"elementor-element elementor-element-7741a475 e-con-full e-flex e-con e-child\" data-id=\"7741a475\" data-element_type=\"container\" data-e-type=\"container\">\n\t\t\t\t<div class=\"elementor-element elementor-element-302f520a elementor-widget elementor-widget-image\" data-id=\"302f520a\" data-element_type=\"widget\" data-e-type=\"widget\" data-widget_type=\"image.default\">\n\t\t\t\t<div class=\"elementor-widget-container\">\n\t\t\t\t\t\t\t\t\t\t\t\t\t\t\t<img decoding=\"async\" width=\"252\" height=\"43\" src=\"https:\/\/rhpersonal-am.com.br\/inicio\/wp-content\/uploads\/2025\/02\/Logo-Branca.png\" class=\"attachment-large size-large wp-image-14522\" alt=\"\" \/>\t\t\t\t\t\t\t\t\t\t\t\t\t\t\t<\/div>\n\t\t\t\t<\/div>\n\t\t\t\t<div class=\"elementor-element elementor-element-1b928c5a elementor-widget elementor-widget-heading\" data-id=\"1b928c5a\" data-element_type=\"widget\" data-e-type=\"widget\" data-widget_type=\"heading.default\">\n\t\t\t\t<div class=\"elementor-widget-container\">\n\t\t\t\t\t<h3 class=\"elementor-heading-title elementor-size-default\">comercial@rhpersonal-am.com.br<\/h3>\t\t\t\t<\/div>\n\t\t\t\t<\/div>\n\t\t\t\t<div class=\"elementor-element elementor-element-3f6c4725 elementor-widget elementor-widget-heading\" data-id=\"3f6c4725\" data-element_type=\"widget\" data-e-type=\"widget\" data-widget_type=\"heading.default\">\n\t\t\t\t<div class=\"elementor-widget-container\">\n\t\t\t\t\t<h3 class=\"elementor-heading-title elementor-size-default\">Rua Henry Heinz, 04, Conjunto Eldorado, Parque Dez - 69050-480.<\/h3>\t\t\t\t<\/div>\n\t\t\t\t<\/div>\n\t\t\t\t<\/div>\n\t\t<div class=\"elementor-element elementor-element-7d3e1247 e-con-full e-flex e-con e-child\" data-id=\"7d3e1247\" data-element_type=\"container\" data-e-type=\"container\">\n\t\t<div class=\"elementor-element elementor-element-404add0c e-con-full e-flex e-con e-child\" data-id=\"404add0c\" data-element_type=\"container\" data-e-type=\"container\">\n\t\t\t\t<div class=\"elementor-element elementor-element-77654122 elementor-widget__width-initial elementor-widget elementor-widget-heading\" data-id=\"77654122\" data-element_type=\"widget\" data-e-type=\"widget\" data-widget_type=\"heading.default\">\n\t\t\t\t<div class=\"elementor-widget-container\">\n\t\t\t\t\t<h2 class=\"elementor-heading-title elementor-size-default\">FIQUE POR DENTRO DAS\nNOSSAS REDES SOCIAIS<\/h2>\t\t\t\t<\/div>\n\t\t\t\t<\/div>\n\t\t\t\t<\/div>\n\t\t<div class=\"elementor-element elementor-element-6fd002d7 e-con-full e-flex e-con e-child\" data-id=\"6fd002d7\" data-element_type=\"container\" data-e-type=\"container\">\n\t\t\t\t<div class=\"elementor-element elementor-element-7a9a2c5b elementor-widget__width-inherit elementor-widget elementor-widget-elementskit-social-media\" data-id=\"7a9a2c5b\" data-element_type=\"widget\" data-e-type=\"widget\" data-widget_type=\"elementskit-social-media.default\">\n\t\t\t\t<div class=\"elementor-widget-container\">\n\t\t\t\t\t<div class=\"ekit-wid-con\" >\t\t\t <ul class=\"ekit_social_media\">\n\t\t\t\t\t\t\t\t\t\t\t\t\t\t<li class=\"elementor-repeater-item-f78e53b\">\n\t\t\t\t\t    <a\n\t\t\t\t\t\thref=\"https:\/\/www.linkedin.com\/company\/rh-personal\" aria-label=\"LinkedIn\" class=\"linkedin\" >\n\t\t\t\t\t\t\t\n\t\t\t\t\t\t\t<i aria-hidden=\"true\" class=\"icon icon-linkedin\"><\/i>\n                                                                                                            <\/a>\n                    <\/li>\n                    \t\t\t\t\t\t\t\t\t\t\t\t\t\t<li class=\"elementor-repeater-item-22479d8\">\n\t\t\t\t\t    <a\n\t\t\t\t\t\thref=\"https:\/\/www.instagram.com\/rhpersonal_am\" aria-label=\"Instagram\" class=\"1\" >\n\t\t\t\t\t\t\t\n\t\t\t\t\t\t\t<i aria-hidden=\"true\" class=\"icon icon-instagram-1\"><\/i>\n                                                                                                            <\/a>\n                    <\/li>\n                    \t\t\t\t\t\t\t\t\t\t\t\t\t\t<li class=\"elementor-repeater-item-05ebc93\">\n\t\t\t\t\t    <a\n\t\t\t\t\t\thref=\"https:\/\/www.facebook.com\/share\/15AdBC49U2\/?mibextid=wwXIfr%20\" aria-label=\"Facebook\" class=\"facebook\" >\n\t\t\t\t\t\t\t\n\t\t\t\t\t\t\t<i aria-hidden=\"true\" class=\"icon icon-facebook\"><\/i>\n                                                                                                            <\/a>\n                    <\/li>\n                    \t\t\t\t\t\t\t<\/ul>\n\t\t<\/div>\t\t\t\t<\/div>\n\t\t\t\t<\/div>\n\t\t\t\t<\/div>\n\t\t\t\t<\/div>\n\t\t\t\t<\/div>\n\t\t<div class=\"elementor-element elementor-element-6e629687 e-con-full e-flex e-con e-child\" data-id=\"6e629687\" data-element_type=\"container\" data-e-type=\"container\">\n\t\t\t\t<div class=\"elementor-element elementor-element-69f8c9e0 elementor-widget__width-inherit elementor-widget elementor-widget-heading\" data-id=\"69f8c9e0\" data-element_type=\"widget\" data-e-type=\"widget\" data-widget_type=\"heading.default\">\n\t\t\t\t<div class=\"elementor-widget-container\">\n\t\t\t\t\t<h3 class=\"elementor-heading-title elementor-size-default\">Todos os Direitos Reservados <\/h3>\t\t\t\t<\/div>\n\t\t\t\t<\/div>\n\t\t<div class=\"elementor-element elementor-element-47789a6d e-con-full e-flex e-con e-child\" data-id=\"47789a6d\" data-element_type=\"container\" data-e-type=\"container\">\n\t\t\t\t<div class=\"elementor-element elementor-element-4fffb277 elementor-widget elementor-widget-heading\" data-id=\"4fffb277\" data-element_type=\"widget\" data-e-type=\"widget\" data-widget_type=\"heading.default\">\n\t\t\t\t<div class=\"elementor-widget-container\">\n\t\t\t\t\t<h3 class=\"elementor-heading-title elementor-size-default\">Politicas e Privacidade<\/h3>\t\t\t\t<\/div>\n\t\t\t\t<\/div>\n\t\t\t\t<div class=\"elementor-element elementor-element-665f145c elementor-widget elementor-widget-heading\" data-id=\"665f145c\" data-element_type=\"widget\" data-e-type=\"widget\" data-widget_type=\"heading.default\">\n\t\t\t\t<div class=\"elementor-widget-container\">\n\t\t\t\t\t<h3 class=\"elementor-heading-title elementor-size-default\">Termos e Uso<\/h3>\t\t\t\t<\/div>\n\t\t\t\t<\/div>\n\t\t\t\t<\/div>\n\t\t\t\t<\/div>\n\t\t\t\t\t<\/div>\n\t\t\t\t<\/div>\n\t\t\t\t<\/div>\n\t\t","protected":false},"excerpt":{"rendered":"<p>Inicio Area do Candidato Vagas Contato Servi\u00e7os Quem Somos RTS X Contato Servi\u00e7os Quem Somos Blog X AREA DO CANDIDATO Vagas NOSSAS VAGAS S\u00c3O POSTADAS DIARIAMENTE ATRAV\u00c9S DAS NOSSAS REDES SOCIAIS NOSSAS VAGAS S\u00c3O POSTADAS DIARIAMENTE ATRAV\u00c9S DAS NOSSAS REDES SOCIAIS Linkedin Instagram Fale conosco pelo Whatsapp (92) 98192-0003 comercial@rhpersonal-am.com.br Rua Henry Heinz, 04, Conjunto [&hellip;]<\/p>\n","protected":false},"author":2,"featured_media":0,"parent":0,"menu_order":0,"comment_status":"closed","ping_status":"closed","template":"elementor_canvas","meta":{"site-sidebar-layout":"no-sidebar","site-content-layout":"page-builder","ast-site-content-layout":"default","site-content-style":"default","site-sidebar-style":"default","ast-global-header-display":"","ast-banner-title-visibility":"","ast-main-header-display":"","ast-hfb-above-header-display":"","ast-hfb-below-header-display":"","ast-hfb-mobile-header-display":"","site-post-title":"disabled","ast-breadcrumbs-content":"","ast-featured-img":"disabled","footer-sml-layout":"","ast-disable-related-posts":"","theme-transparent-header-meta":"","adv-header-id-meta":"","stick-header-meta":"","header-above-stick-meta":"","header-main-stick-meta":"","header-below-stick-meta":"","astra-migrate-meta-layouts":"default","ast-page-background-enabled":"default","ast-page-background-meta":{"desktop":{"background-color":"","background-image":"","background-repeat":"repeat","background-position":"center center","background-size":"auto","background-attachment":"scroll","background-type":"","background-media":"","overlay-type":"","overlay-color":"","overlay-opacity":"","overlay-gradient":""},"tablet":{"background-color":"","background-image":"","background-repeat":"repeat","background-position":"center center","background-size":"auto","background-attachment":"scroll","background-type":"","background-media":"","overlay-type":"","overlay-color":"","overlay-opacity":"","overlay-gradient":""},"mobile":{"background-color":"","background-image":"","background-repeat":"repeat","background-position":"center center","background-size":"auto","background-attachment":"scroll","background-type":"","background-media":"","overlay-type":"","overlay-color":"","overlay-opacity":"","overlay-gradient":""}},"ast-content-background-meta":{"desktop":{"background-color":"var(--ast-global-color-5)","background-image":"","background-repeat":"repeat","background-position":"center center","background-size":"auto","background-attachment":"scroll","background-type":"","background-media":"","overlay-type":"","overlay-color":"","overlay-opacity":"","overlay-gradient":""},"tablet":{"background-color":"var(--ast-global-color-5)","background-image":"","background-repeat":"repeat","background-position":"center center","background-size":"auto","background-attachment":"scroll","background-type":"","background-media":"","overlay-type":"","overlay-color":"","overlay-opacity":"","overlay-gradient":""},"mobile":{"background-color":"var(--ast-global-color-5)","background-image":"","background-repeat":"repeat","background-position":"center center","background-size":"auto","background-attachment":"scroll","background-type":"","background-media":"","overlay-type":"","overlay-color":"","overlay-opacity":"","overlay-gradient":""}},"footnotes":""},"class_list":["post-14766","page","type-page","status-publish","hentry"],"_links":{"self":[{"href":"https:\/\/rhpersonal-am.com.br\/inicio\/wp-json\/wp\/v2\/pages\/14766","targetHints":{"allow":["GET"]}}],"collection":[{"href":"https:\/\/rhpersonal-am.com.br\/inicio\/wp-json\/wp\/v2\/pages"}],"about":[{"href":"https:\/\/rhpersonal-am.com.br\/inicio\/wp-json\/wp\/v2\/types\/page"}],"author":[{"embeddable":true,"href":"https:\/\/rhpersonal-am.com.br\/inicio\/wp-json\/wp\/v2\/users\/2"}],"replies":[{"embeddable":true,"href":"https:\/\/rhpersonal-am.com.br\/inicio\/wp-json\/wp\/v2\/comments?post=14766"}],"version-history":[{"count":45,"href":"https:\/\/rhpersonal-am.com.br\/inicio\/wp-json\/wp\/v2\/pages\/14766\/revisions"}],"predecessor-version":[{"id":16403,"href":"https:\/\/rhpersonal-am.com.br\/inicio\/wp-json\/wp\/v2\/pages\/14766\/revisions\/16403"}],"wp:attachment":[{"href":"https:\/\/rhpersonal-am.com.br\/inicio\/wp-json\/wp\/v2\/media?parent=14766"}],"curies":[{"name":"wp","href":"https:\/\/api.w.org\/{rel}","templated":true}]}}